{"id":8,"date":"2026-02-15T01:54:13","date_gmt":"2026-02-15T01:54:13","guid":{"rendered":"https:\/\/test.vanlangoregon.org\/?page_id=8"},"modified":"2026-02-15T01:54:13","modified_gmt":"2026-02-15T01:54:13","slug":"muc-tieu-va-su-menh","status":"publish","type":"page","link":"https:\/\/test.vanlangoregon.org\/?page_id=8","title":{"rendered":"M\u1ee5c Ti\u00eau v\u00e0 S\u1ee9 M\u1ec7nh"},"content":{"rendered":"\n<p>M\u1ee5c ti\u00eau c\u1ee7a Tr\u01b0\u1eddng Vi\u1ec7t Ng\u1eef V\u0103n Lang l\u00e0 duy tr\u00ec v\u00e0 ph\u00e1t tri\u1ec3n n\u1ec1n v\u0103n h\u00f3a ng\u00e0n n\u0103m c\u1ee7a qu\u00ea h\u01b0\u01a1ng Vi\u1ec7t Nam, \u0111\u1eb7c bi\u1ec7t l\u00e0 ng\u00f4n ng\u1eef v\u00e0 phong t\u1ee5c t\u1eadp qu\u00e1n cho th\u1ebf h\u1ec7 con ch\u00e1u sinh ra v\u00e0 l\u1edbn l\u00ean \u1edf Hoa K\u1ef3.<\/p>\n\n\n\n<p>S\u1ee9 m\u1ec7nh c\u1ee7a tr\u01b0\u1eddng l\u00e0 truy\u1ec1n d\u1ea1y ch\u01b0\u01a1ng tr\u00ecnh ti\u1ebfng Vi\u1ec7t ph\u1ed5 th\u00f4ng c\u01a1 b\u1ea3n cho h\u1ecdc sinh Vi\u1ec7t Nam \u1edf th\u00e0nh ph\u1ed1 Portland v\u00e0 c\u00e1c v\u00f9ng l\u00e2n c\u1eadn. T\u1eeb \u0111\u00f3 nh\u00e0 tr\u01b0\u1eddng c\u1ed1 g\u1eafng gi\u00fap c\u00e1c em h\u1ecdc sinh bi\u1ebft nghe, n\u00f3i, \u0111\u1ecdc, v\u00e0 vi\u1ebft ti\u1ebfng Vi\u1ec7t c\u0169ng nh\u01b0 c\u00f3 ki\u1ebfn th\u1ee9c v\u1ec1 v\u0103n h\u00f3a phong t\u1ee5c v\u00e0 l\u1ecbch s\u1eed Vi\u1ec7t Nam; Nh\u1eb1m h\u00ecnh th\u00e0nh nh\u1eefng t\u00e2m h\u1ed3n v\u1edbi t\u01b0 t\u01b0\u1edfng v\u00e0 l\u1ec5 gi\u00e1o Vi\u1ec7t Nam. Hy v\u1ecdng r\u1eb1ng nh\u1eefng t\u00e2m h\u1ed3n n\u00e0y s\u1ebd tr\u1edf th\u00e0nh n\u1ec1n t\u1ea3ng v\u1eefng ch\u1eafc cho gia \u0111\u00ecnh v\u00e0 c\u1ed9ng \u0111\u1ed3ng ng\u01b0\u1eddi Vi\u1ec7t t\u1ea1i Hoa K\u1ef3 trong t\u01b0\u01a1ng lai. Ho\u1ea1t \u0111\u1ed9ng c\u1ee7a tr\u01b0\u1eddng ho\u00e0n to\u00e0n t\u1eadp trung v\u00e0o ng\u00f4n ng\u1eeb, v\u0103n h\u00f3a, v\u00e0 x\u00e3 h\u1ed9i; kh\u00f4ng b\u1ecb \u1ea3nh h\u01b0\u1edfng b\u1edfi t\u00f4n gi\u00e1o hay ch\u00ednh tr\u1ecb.<\/p>\n","protected":false},"excerpt":{"rendered":"<p>M\u1ee5c ti\u00eau c\u1ee7a Tr\u01b0\u1eddng Vi\u1ec7t Ng\u1eef V\u0103n Lang l\u00e0 duy tr\u00ec v\u00e0 ph\u00e1t tri\u1ec3n n\u1ec1n v\u0103n h\u00f3a ng\u00e0n n\u0103m c\u1ee7a qu\u00ea h\u01b0\u01a1ng Vi\u1ec7t Nam, \u0111\u1eb7c bi\u1ec7t l\u00e0 ng\u00f4n ng\u1eef v\u00e0 phong t\u1ee5c t\u1eadp qu\u00e1n cho th\u1ebf h\u1ec7 con ch\u00e1u sinh ra v\u00e0 l\u1edbn l\u00ean \u1edf Hoa K\u1ef3. S\u1ee9 m\u1ec7nh c\u1ee7a tr\u01b0\u1eddng l\u00e0 truy\u1ec1n d\u1ea1y ch\u01b0\u01a1ng [&hellip;]<\/p>\n","protected":false},"author":1,"featured_media":0,"parent":0,"menu_order":0,"comment_status":"closed","ping_status":"closed","template":"","meta":{"footnotes":""},"class_list":["post-8","page","type-page","status-publish","hentry"],"_links":{"self":[{"href":"https:\/\/test.vanlangoregon.org\/index.php?rest_route=\/wp\/v2\/pages\/8","targetHints":{"allow":["GET"]}}],"collection":[{"href":"https:\/\/test.vanlangoregon.org\/index.php?rest_route=\/wp\/v2\/pages"}],"about":[{"href":"https:\/\/test.vanlangoregon.org\/index.php?rest_route=\/wp\/v2\/types\/page"}],"author":[{"embeddable":true,"href":"https:\/\/test.vanlangoregon.org\/index.php?rest_route=\/wp\/v2\/users\/1"}],"replies":[{"embeddable":true,"href":"https:\/\/test.vanlangoregon.org\/index.php?rest_route=%2Fwp%2Fv2%2Fcomments&post=8"}],"version-history":[{"count":1,"href":"https:\/\/test.vanlangoregon.org\/index.php?rest_route=\/wp\/v2\/pages\/8\/revisions"}],"predecessor-version":[{"id":11,"href":"https:\/\/test.vanlangoregon.org\/index.php?rest_route=\/wp\/v2\/pages\/8\/revisions\/11"}],"wp:attachment":[{"href":"https:\/\/test.vanlangoregon.org\/index.php?rest_route=%2Fwp%2Fv2%2Fmedia&parent=8"}],"curies":[{"name":"wp","href":"https:\/\/api.w.org\/{rel}","templated":true}]}}